in base 6?
-5150500
What is 101010001100101011000 (base 2) in base 9?
2536682
-22435 (base 8) to base 3
-111000220
Convert 729300 (base 10) to base 15.
e6150
Convert -2404330003 (base 5) to base 10.
-5542503
Convert 27877a4 (base 11) to base 9.
10022413
-2c0ab3 (base 16) to base 12
-b723ab
-221102010001 (base 3) to base 6
-14415344
-59408 (base 13) to base 15
-33592
What is 4b429 (base 12) in base 11?
70068
-150562 (base 11) to base 16
-395b1
What is 33607 (base 16) in base 15?
42544
What is -213441404 (base 6) in base 3?
-21011212021111
Convert -10000110110000101101 (base 2) to base 11.
-347791
What is 521333 (base 6) in base 2?
1010001101011001
137916 (base 11) to base 12
a4799
Convert 221002222100 (base 3) to base 16.
78aa4
What is 21434132 (base 7) in base 4?
13001113202
-2411424 (base 11) to base 9
-7816477
Convert 395603 (base 15) to base 4.
22133313222
Convert 102321124 (base 5) to base 8.
1515030
Convert -1300010103 (base 4) to base 15.
-9101c
277bc7 (base 14) to base 7
14416540
What is 4223753 (base 8) in base 3?
2010010021220
1246564 (base 7) to base 3
22021220001
What is 77aaa4 (base 12) in base 13?
519607
Convert -3116264 (base 7) to base 9.
-630462
Convert -1e7a (base 16) to base 6.
-100042
What is -1cd6aa (base 14) in base 10?
-1035814
Convert -1532463 (base 8) to base 15.
-8a3bd
Convert 8945a (base 12) to base 16.
2c746
What is -2243754 (base 8) in base 9?
-1126307
What is 101010212001 (base 3) in base 8?
605727
Convert 34220414 (base 5) to base 6.
10305352
2110111430 (base 5) to base 6
233505034
What is 732740 (base 9) in base 11?
277984
Convert -2122301312 (base 4) to base 14.
-12707c
What is -946482 (base 11) in base 13?
-4113b3
Convert -102155542 (base 6) to base 14.
-347abc
1627372 (base 8) to base 5
110031103
4c2873 (base 15) to base 13
9ac038
What is -311222200 (base 4) in base 14?
-5a168
What is 2e320 (base 16) in base 6?
4020000
-3232500 (base 6) to base 7
-1234350
What is 4541124 (base 6) in base 14?
6024c
1558351 (base 9) to base 5
210144422
What is -720685 (base 12) in base 7?
-21110633
What is 86db5 (base 14) in base 13?
b57c4
What is -1001100010011111111101 (base 2) in base 6?
-125332513
What is 3c172 (base 15) in base 14?
5032b
Convert -11111010110110010 (base 2) to base 8.
-372662
Convert -196121 (base 11) to base 9.
-507738
408589 (base 10) to base 13
113c8c
What is 6867041 (base 9) in base 4?
32020223020
What is 803219 (base 16) in base 12?
2991b35
-112619 (base 15) to base 4
-3013233030
What is -106434 (base 7) in base 13?
-88c2
Convert -957b8 (base 14) to base 15.
-71e68
What is -100010100000010 (base 2) in base 10?
-17666
Convert -14433 (base 12) to base 5.
-1401023
Convert a224a0 (base 12) to base 5.
1122041234
-4485805 (base 9) to base 16
-24e83a
-343133042 (base 5) to base 15
-205482
What is -453425 (base 9) in base 12?
-11117b
Convert 100110101101011110 (base 2) to base 16.
26b5e
What is -b98d9 (base 16) in base 2?
-10111001100011011001
361614 (base 7) to base 6
1223043
Convert -1011011000010100 (base 2) to base 9.
-70841
-20947a (base 11) to base 16
-51b3c
Convert 403142 (base 7) to base 2.
10000101011110000
-21a37a2 (base 11) to base 5
-1441334120
What is -230111122 (base 4) in base 8?
-542532
What is 11000111101100001010 (base 2) in base 15?
11253a
Convert 246856 (base 13) to base 11.
5457a4
-8ca51 (base 16) to base 6
-20203013
What is -2011000011 (base 4) in base 9?
-1020253
What is a55099 (base 12) in base 11?
1516a95
-120c (base 16) to base 2
-1001000001100
Convert 8078b (base 15) to base 13.
113171
Convert -1010110111110101000 (base 2) to base 14.
-93b96
-213982 (base 10) to base 8
-641736
Convert -2990147 (base 10) to base 16.
-2da043
What is 445065 (base 8) in base 4?
210220311
Convert 23269 (base 16) to base 4.
203021221
What is -1502215 (base 6) in base 5?
-10223201
What is 412254402 (base 6) in base 15?
95811e
What is -12101001002110 (base 3) in base 7?
-33160056
Convert 527075 (base 8) to base 9.
286876
Convert 1c11dc (base 14) to base 8.
3644736
Convert -5299a (base 13) to base 9.
-246155
2555334 (base 6) to base 8
421152
Convert -1231321 (base 7) to base 3.
-22002001211
11428498 (base 10) to base 11
64a6444
Convert -172125 (base 8) to base 9.
-104718
What is -20201011022 (base 3) in base 11?
-9024a
What is a538a (base 12) in base 15?
4425d
-5574540 (base 8) to base 2
-101101111100101100000
What is -6634 (base 15) in base 3?
-1002200211
What is 3380a (base 13) in base 4?
112313010
Convert -134253 (base 12) to base 15.
-644a3
Convert -5767915 (base 10) to base 3.
-101212001002111
What is 2057132 (base 8) in base 16?
85e5a
-108176 (base 12) to base 4
-1000023222
-164996 (base 15) to base 3
-2000210211020
What is 1057483 (base 11) in base 13?
4cc240
Convert 244210 (base 6) to base 8.
52256
What is -157efb (base 16) in base 13?
-3a42b5
171361 (base 8) to base 7
346215
What is 21132123 (base 5) in base 16?
2b40b
What is -11010020112 (base 3) in base 6?
-1423235
What is -3525525 (base 6) in base 7?
-1360463
Convert -110000011011010100101 (base 2) to base 11.
-994254
Convert -212242541 (base 6) to base 12.
-1310451
Convert 100111010101101011011 (base 2) to base 15.
1a6e1b
Convert -100230505 (base 6) to base 10.
-1699241
-115932 (base 14) to base 10
-591768
What is 3a58294 (base 11) in base 6?
410122515
Convert -100112333 (base 4) to base 10.
-67007
What is -212221201201 (base 3) in base 13?
-136798
Convert 15525413 (base 6) to base 14.
106849
What is 47749 (base 15) in base 13?
7c899
Convert -293ba8 (base 13) to base 3.
-1220020000121
-b7050 (base 12) to base 6
-5052140
What is -152242 (base 11) in base 2?
-111001111010010110
Convert -859013 (base 14) to base 16.
-44f5d9
What is 1012101012 (base 3) in base 15?
6ed8
Convert -11ca53 (base 14) to base 5.
-124024301
What is -201011121112001 (base 3) in base 14?
-14d2c54
207771 (base 9) to base 7
1024012
What is 11812 (base 16) in base 10?
71698
Convert -2241354 (base 6) to base 7.
-654355
What is -131043404 (base 5) in base 16?
-9d214
What is -2615030 (base 8) in base 2?
-10110001101000011000
ae0a4 (base 16) to base 8
2560244
What is -422336 (base 8) in base 11?
-96627
-21013110332 (base 4) to base 3
-11111101111222
What is -1456352 (base 7) in base 3?
-101010010222
What is -1111110011110001100 (base 2) in base 11?
-324225
b4c25 (base 16) to base 6
23511421
267b71 (base 12) to base 6
21343421
What is 13224044 (base 7) in base 10?
1216310
What is 38871 (base 11) in base 2?
1101100101000001
216005 (base 10) to base 5
23403010
What is -440204 (base 7) in base 13?
-29030
Convert 1573bb8 (base 14) to base 12.
3623372
What is -4ab68c (base 13) in base 9?
-3336673
What is -2323403221 (base 5) in base 3?
-100221222020222
-35e81 (base 16) to base 3
-102012212211
11e55a (base 15) to base 4
3101211130
-416678 (base 10) to base 11
-265069
1a41b (base 12) to base 2
1001011011010111
Convert 9146d (base 16) to base 8.
2212155
Convert -4d903 (base 16) to base 6.
-10450455
Convert -3a312 (base 13) to base 2.
-11010011010001111
What is -10210001112201 (base 3) in base 2?
-111101010011011011000
Convert -84733 (base 10) to base 7.
-502015
-10000001001101111 (base 2) to base 11
-45785
Convert -100c6b (base 14) to base 8.
-2037157
11110011011001001 (base 2) to base 14
335b3
Convert -3033033034 (base 5) to base 3.
-102120002110121
Convert -220021212112 (base 3) to base 11.
-2a7254
-1110011001011001 (base 2) to base 6
-1133001
What is -336a6a3 (base 11) in base 3?
-102002202001021
What is -bc3a (base 14) in base 15?
-99c8
What is 17d1a7 (base 14) in base 9?
1524030
Convert 308625 (base 9) to base 2.
101100110011000000
What is -121220111222 (base 3) in base 12?
-140715
Convert -14172 (base 15) to base 12.
-31375
Convert -3233311110 (base 4) to base 3.
-1211220112120
Convert -284919 (base 13) to base 7.
-11225145
-7868a (base 11) to base 12
-55b47
Convert -1055ba (base 13) to base 11.
-241a63
-30432264 (base 7) to base 11
-1489846
What is 3023404 (base 7) in base 3?
200020102111
214558 (base 13) to base 2
10111110101000110101
Convert 77931a (base 12) to base 13.
518233
3160145 (base 9) to base 2
110011101010010111100
What is -14014331 (base 5) in base 12?
-6a101
2664336 (base 10) to base 8
12123620
Convert -4981 (base 13) to base 10.
-10414
12013333 (base 5) to base 12
53